posite number?
True
Is 44708064369 a prime number?
False
Is 4836513931 composite?
False
Is 543613619 a composite number?
True
Is 598457711 a composite number?
False
Is 826593367 a prime number?
True
Is 1530620233 a prime number?
False
Is 589839661 composite?
False
Is 128151913 a composite number?
True
Is 167158529 a prime number?
True
Is 77791948903 prime?
False
Is 7896201367 a prime number?
False
Is 74501630969 a prime number?
True
Is 151503091 composite?
True
Is 35042292577 a composite number?
False
Is 296430793 a composite number?
False
Is 191213705857 prime?
False
Is 2761712827 a composite number?
False
Is 2025196031 a prime number?
False
Is 1014252394 prime?
False
Is 87663750649 prime?
True
Is 5475265139 composite?
False
Is 7219117099 a composite number?
True
Is 3782830179 composite?
True
Is 1400705401 prime?
True
Is 648521093 a composite number?
True
Is 103295935871 composite?
True
Is 1602748853 prime?
False
Is 97891351 composite?
False
Is 4472712749 composite?
False
Is 410065633 a prime number?
True
Is 6383014649 composite?
True
Is 7202519347 prime?
True
Is 83486549 a prime number?
True
Is 1471632497 a prime number?
True
Is 6013480609 a composite number?
False
Is 869406737 composite?
False
Is 16380800707 a prime number?
True
Is 5870629831 a composite number?
True
Is 43677985439 prime?
False
Is 35382359989 a composite number?
False
Is 2537750081 composite?
True
Is 792636683 composite?
True
Is 76440647 a composite number?
False
Is 2946975547 prime?
False
Is 7528815559 a composite number?
True
Is 523113277 prime?
True
Is 901423531 prime?
False
Is 4001917519 composite?
False
Is 1242002287 a prime number?
False
Is 4627246331 prime?
True
Is 56689957 a composite number?
True
Is 151883622343 composite?
False
Is 554538227 prime?
False
Is 5333545573 prime?
False
Is 1250128553 composite?
False
Is 92635964639 a composite number?
False
Is 141435032743 composite?
False
Is 5211433499 a prime number?
False
Is 1148260417 a prime number?
False
Is 27150235751 a composite number?
False
Is 9184003133 prime?
True
Is 797881219 a prime number?
True
Is 634992781 a prime number?
True
Is 909203723 a composite number?
False
Is 453168951 a composite number?
True
Is 30141632033 prime?
False
Is 84624847 a composite number?
False
Is 17605166287 a composite number?
True
Is 353277269 composite?
True
Is 2611475719 composite?
True
Is 2239665317 a composite number?
False
Is 2214370349 a composite number?
True
Is 1344323141 composite?
True
Is 2354739733 a composite number?
True
Is 126833513 a prime number?
True
Is 1473491357 a prime number?
False
Is 1465363209 composite?
True
Is 4233744997 prime?
True
Is 343471109 composite?
True
Is 34358781403 a prime number?
False
Is 9437304831 prime?
False
Is 2551564733 composite?
True
Is 762433457 composite?
False
Is 2027386703 a prime number?
True
Is 13668180899 prime?
True
Is 45849619 a prime number?
True
Is 5520883267 composite?
False
Is 687991849 a prime number?
False
Is 74638511 a composite number?
False
Is 1403540143 a composite number?
False
Is 7260515939 a prime number?
True
Is 332567321 composite?
False
Is 23641973 prime?
False
Is 1509759157 a composite number?
True
Is 1165381831 a composite number?
True
Is 35517159863 composite?
False
Is 95066297 a composite number?
False
Is 101928811 composite?
False
Is 84223922723 prime?
False
Is 970413709 a prime number?
False
Is 17258319599 composite?
False
Is 2275160429 prime?
True
Is 74739151 a prime number?
False
Is 6475797719 composite?
False
Is 62709993569 a composite number?
True
Is 17007967307 prime?
True
Is 3448527751 composite?
False
Is 1159913389 prime?
True
Is 338520965 a composite number?
True
Is 315521237 composite?
True
Is 13218228755 prime?
False
Is 13327481471 a prime number?
True
Is 11188169138 a composite number?
True
Is 1087931969 a prime number?
True
Is 19362909901 prime?
False
Is 26042587882 composite?
True
Is 343568369 a prime number?
False
Is 30383365057 a prime number?
True
Is 888911279 composite?
False
Is 7370492677 a prime number?
True
Is 301310731 prime?
False
Is 1168255303 composite?
True
Is 2415344059 a composite number?
False
Is 12448001 a prime number?
True
Is 3159646691 a composite number?
False
Is 557103797 a composite number?
True
Is 803129323 composite?
False
Is 5301362057 prime?
False
Is 3253426199 a composite number?
True
Is 256483735033 a composite number?
True
Is 14265217427 a prime number?
True
Is 99294589243 composite?
True
Is 110812519 a composite number?
False
Is 64337344927 prime?
True
Is 1964510593 a composite number?
True
Is 98179717 a composite number?
True
Is 13923240967 a composite number?
True
Is 8221326367 a composite number?
False
Is 1636243253 prime?
False
Is 19811958973 a composite number?
False
Is 3264633397 a composite number?
False
Is 54621812587 prime?
True
Is 2642306713 a prime number?
False
Is 80587967 a composite number?
False
Is 2088040399 prime?
True
Is 389799827 prime?
True
Is 36050121943 composite?
True
Is 101049061 prime?
True
Is 267297419 a prime number?
True
Is 94877003 composite?
True
Is 1597009849 a prime number?
True
Is 56979467 a prime number?
True
Is 41686748083 prime?
True
Is 34007276603 a prime number?
True
Is 36483856967 prime?
False
Is 679565587 prime?
False
Is 14512296749 prime?
True
Is 7704071633 prime?
False
Is 39941988391 a composite number?
False
Is 1454394857 a prime number?
False
Is 57612671 a prime number?
True
Is 3694672039 prime?
False
Is 1640192243 composite?
False
Is 293396471 prime?
True
Is 9515996813 a composite number?
False
Is 5190035969 prime?
True
Is 481656974 a prime number?
False
Is 6118033333 a composite number?
False
Is 8640766201 a prime number?
False
Is 325240247 a composite number?
False
Is 5579932427 composite?
True
Is 25433791829 a composite number?
True
Is 2199247709 composite?
False
Is 82556306477 prime?
True
Is 5880871819 composite?
False
Is 21379218205 a composite number?
True
Is 460301519 composite?
True
Is 375317777 prime?
False
Is 7133176469 prime?
True
Is 62372266179 composite?
True
Is 13212598859 composite?
False
Is 5490804769 a composite number?
False
Is 4474703351 a prime number?
False
Is 72640342945 prime?
False
Is 18775150987 prime?
True
Is 12410702189 a prime number?
True
Is 222658640221 a prime number?
True
Is 42345613 composite?
False
Is 12288255191 composite?
False
Is 139399341239 composite?
False
Is 899406517 a composite number?
True
Is 80901613781 composite?
False
Is 191797523 composite?
True
Is 309797183 a prime number?
True
Is 49897220327 a prime number?
True
Is 112555021 composite?
True
Is 31012064555 composite?
True
Is 260766713 prime?
False
Is 216591437 composite?
True
Is 7417617 prime?
False
Is 2574154717 composite?
True
Is 68876502689 a composite number?
False
Is 20598021971 composite?
True
Is 5014412974 a prime number?
False
Is 1689445733 prime?
False
Is 11627016341 a prime number?
False
Is 539889563 a prime number?
False
Is 57633683962 a composite number?
True
Is 4000516219 prime?
False
Is 82612693 composite?
False
Is 267655824449 a prime number?
False
Is 1520354089 prime?
True
Is 566594395 a composite number?
True
Is 2833398209 a composite number?
False
Is 1442106543 composite?
True
Is 6009728471 composite?
True
Is 365913451 prime?
True
Is 62706709369 composite?
False
Is 3431658487 a composite number?
True
Is 142018771 prime?
False
Is 463884329 a prime number?
False
Is 840274679 composite?
False
Is 143464182115 a composite number?
True
Is 16535317 composite?
False
Is 1911759929 a prime number?
True
Is 7924823441 composite?
False
Is 68578729 prime?
True
Is 87724184833 composite?
True
Is 3718776449 a prime number?
False
Is 2615609669 a prime number?
False
Is 13390713151 a composite number?
False
Is 681935341 prime?
True
Is 112590953909 composite?
True
Is 1856859863 a prime number?
True
Is 7083762941 a prime number?
True
Is 367689941 a composite number?
False
Is 23776931777 a prime number?
True
Is 83095801 a prime number?
False
Is 1235183149 a composite number?
True
Is 2708798063 a composite number?
True
Is 29842391599 composite?
True
Is 1043507657 a composite number?
False
Is 23049262279 a composite number?
False
Is 2042897543 a prime number?
True
Is 5527907335 a prime number?
False
Is 455794061449 composite?
False
Is 13402933 a prime number?
False
Is 2329